on factor of 13 and 33917.
13
Calculate the greatest common divisor of 376 and 512.
8
Calculate the greatest common divisor of 74 and 185.
37
What is the greatest common factor of 95 and 35?
5
What is the highest common factor of 116 and 261?
29
Calculate the highest common factor of 15 and 165.
15
Calculate the highest common divisor of 2 and 25.
1
What is the highest common divisor of 24 and 978?
6
Calculate the greatest common factor of 60 and 27570.
30
Calculate the highest common divisor of 200 and 24.
8
Calculate the highest common divisor of 1410 and 42.
6
Calculate the highest common factor of 435 and 30.
15
What is the greatest common divisor of 232 and 87?
29
Calculate the highest common divisor of 28 and 3374.
14
Calculate the highest common factor of 1027 and 26.
13
Calculate the highest common factor of 184 and 48.
8
What is the highest common divisor of 22 and 82?
2
Calculate the greatest common divisor of 2414 and 5396.
142
Calculate the greatest common divisor of 114 and 12.
6
What is the highest common divisor of 45 and 801?
9
What is the highest common divisor of 66 and 2574?
66
What is the highest common divisor of 165 and 110?
55
Calculate the greatest common factor of 35 and 3465.
35
What is the highest common factor of 4901 and 507?
169
Calculate the greatest common factor of 278 and 10.
2
Calculate the highest common divisor of 536 and 469.
67
What is the greatest common divisor of 14 and 70?
14
Calculate the greatest common divisor of 138 and 6992.
46
What is the greatest common divisor of 256 and 44?
4
Calculate the highest common divisor of 901 and 17.
17
Calculate the highest common factor of 1675 and 938.
67
Calculate the highest common divisor of 120 and 520.
40
Calculate the greatest common factor of 1276 and 880.
44
Calculate the highest common divisor of 75 and 50.
25
What is the greatest common factor of 36 and 207?
9
Calculate the highest common factor of 52 and 5486.
26
Calculate the highest common factor of 325 and 50.
25
Calculate the greatest common divisor of 12 and 588.
12
What is the greatest common factor of 45 and 25?
5
What is the highest common divisor of 3180 and 180?
60
What is the highest common divisor of 36 and 8952?
12
What is the greatest common factor of 280 and 2870?
70
What is the highest common factor of 121 and 33?
11
Calculate the greatest common divisor of 12 and 124.
4
Calculate the highest common factor of 66 and 528.
66
What is the greatest common factor of 42 and 490?
14
What is the highest common divisor of 440 and 480?
40
What is the highest common divisor of 64 and 576?
64
Calculate the highest common factor of 3160 and 3002.
158
What is the highest common divisor of 333 and 1776?
111
Calculate the highest common factor of 1904 and 48.
16
What is the greatest common divisor of 2036 and 8?
4
Calculate the highest common factor of 18 and 57150.
18
Calculate the greatest common divisor of 413 and 118.
59
What is the highest common factor of 5301 and 1197?
171
What is the greatest common factor of 12831 and 182?
91
Calculate the highest common factor of 4105 and 5.
5
What is the greatest common factor of 231 and 385?
77
Calculate the highest common divisor of 39978 and 36.
18
Calculate the greatest common divisor of 25 and 25.
25
What is the highest common divisor of 475 and 19?
19
Calculate the highest common divisor of 276 and 36.
12
What is the greatest common divisor of 34 and 1054?
34
What is the greatest common factor of 63 and 1?
1
Calculate the greatest common divisor of 848 and 106.
106
Calculate the greatest common factor of 400 and 980.
20
What is the highest common factor of 153 and 87363?
153
What is the greatest common divisor of 32 and 23?
1
What is the highest common divisor of 71 and 5609?
71
What is the greatest common factor of 72 and 104?
8
Calculate the highest common factor of 5 and 10295.
5
Calculate the highest common divisor of 240 and 384.
48
What is the greatest common factor of 8 and 22936?
8
What is the greatest common divisor of 8496 and 54?
18
Calculate the highest common divisor of 1566 and 432.
54
What is the greatest common divisor of 54 and 714?
6
Calculate the highest common factor of 266 and 2156.
14
Calculate the greatest common divisor of 2006 and 34.
34
What is the highest common factor of 576 and 9?
9
Calculate the greatest common factor of 81 and 648.
81
Calculate the highest common divisor of 1911 and 39.
39
What is the greatest common factor of 1372 and 16121?
343
Calculate the highest common factor of 1517 and 37.
37
Calculate the highest common divisor of 545 and 10.
5
Calculate the highest common factor of 267 and 3.
3
What is the greatest common divisor of 22 and 110?
22
What is the highest common divisor of 2584 and 34?
34
What is the highest common factor of 122 and 305?
61
What is the highest common divisor of 925 and 37?
37
What is the highest common divisor of 167 and 17201?
167
Calculate the greatest common factor of 18144 and 1120.
224
What is the highest common divisor of 14 and 9422?
14
What is the highest common factor of 874 and 38?
38
Calculate the highest common factor of 112412 and 314.
314
What is the highest common factor of 112 and 8?
8
What is the greatest common factor of 7282 and 176?
22
Calculate the greatest common divisor of 5 and 85.
5
Calculate the greatest common divisor of 34 and 782.
34
Calculate the highest common factor of 20 and 52.
4
Calculate the greatest common factor of 832 and 52.
52
Calculate the highest common divisor of 5 and 85.
5
Calculate the highest common factor of 68 and 1802.
34
Calculate the greatest common factor of 6 and 70.
2
Calculate the greatest common factor of 47 and 2.
1
What is the highest common factor of 13 and 40209?
13
Calculate the highest common divisor of 48 and 540.
12
Calculate the greatest common factor of 1591 and 37.
37
What is the greatest common factor of 265 and 5?
5
Calculate the greatest common divisor of 237 and 5609.
79
What is the highest common divisor of 169 and 13?
13
Calculate the greatest common factor of 41 and 1271.
41
What is the greatest common factor of 56 and 1876?
28
Calculate the greatest common divisor of 15 and 12.
3
Calculate the highest common divisor of 612 and 36.
36
What is the highest common divisor of 756 and 1836?
108
What is the highest common divisor of 3264 and 704?
64
Calculate the highest common factor of 158 and 2923.
79
What is the greatest common factor of 124 and 899?
31
What is the highest common factor of 104 and 5080?
8
Calculate the greatest common factor of 48 and 492.
12
Calculate the greatest common factor of 57 and 3.
3
Calculate the highest common divisor of 7744 and 121.
121
What is the highest common divisor of 77 and 1071?
7
What is the highest common divisor of 150 and 30675?
75
Calculate the highest common divisor of 909 and 45.
9
What is the greatest common divisor of 470 and 94?
94
What is the greatest common divisor of 179 and 1?
1
What is the greatest common factor of 837 and 9?
9
Calculate the highest common factor of 22 and 33.
11
What is the highest common factor of 749 and 535?
107
Calculate the highest common factor of 220 and 308.
44
Calculate the greatest common divisor of 2760 and 30.
30
Calculate the highest common factor of 559 and 817.
43
What is the highest common factor of 1125 and 45?
45
What is the greatest common divisor of 2635 and 465?
155
Calculate the greatest common factor of 2814 and 273.
21
What is the greatest common divisor of 2 and 58?
2
Calculate the greatest common factor of 108 and 768.
12
Calculate the greatest common factor of 165 and 80.
5
Calculate the greatest common divisor of 77 and 896.
7
What is the greatest common factor of 36 and 576?
36
What is the greatest common divisor of 91 and 20657?
91
Calculate the highest common divisor of 86 and 172.
86
Calculate the highest common divisor of 10 and 20.
10
What is the greatest common divisor of 795 and 135?
15
What is the highest common divisor of 81 and 5184?
81
Calculate the greatest common factor of 86 and 43.
43
Calculate the highest common factor of 943 and 391.
23
Calculate the highest common divisor of 2052 and 152.
76
Calculate the highest common factor of 580 and 725.
145
What is the highest common divisor of 137 a